{"id":809,"date":"2019-12-04T16:05:23","date_gmt":"2019-12-04T15:05:23","guid":{"rendered":"https:\/\/gauthierkeyaerts.com\/blog\/?page_id=809"},"modified":"2020-01-05T17:48:31","modified_gmt":"2020-01-05T16:48:31","slug":"le-vent-je-suis-leo-ferre","status":"publish","type":"page","link":"https:\/\/gauthierkeyaerts.com\/blog\/le-vent-je-suis-leo-ferre\/","title":{"rendered":"Le vent, je suis L\u00e9o Ferr\u00e9 (Performance)"},"content":{"rendered":"<p style=\"text-align: justify;\"><em><strong><span class=\"st\">Le vent, je suis L\u00e9o Ferr\u00e9<\/span><\/strong><\/em> (<em>Paul Sanda, Xavier Dubois, Gauthier Keyaerts), <\/em>performance improvis\u00e9e, bas\u00e9e sur l&rsquo;essai po\u00e9tique : <span class=\"st\"><em>Le vent, je suis L\u00e9o Ferr\u00e9 <\/em>de Paul Sanda, publi\u00e9 aux \u00e9ditions <a href=\"http:\/\/www.rafaeldesurtis.fr\">Rafael de Surtis<\/a>.<\/span><\/p>\n<p style=\"text-align: justify;\">Textes et lectures :<a href=\"http:\/\/eragnostique.wixsite.com\/mgr-paul-sanda\"> <strong>Paul Sanda<\/strong><\/a>.<\/p>\n<p style=\"text-align: justify;\">Improvisations musicales : <strong>Xavier Dubois, Gauthier Keyaerts<\/strong>.<\/p>\n<p style=\"text-align: justify;\">Dur\u00e9e du spectacle : 20 minutes.<\/p>\n<p>&nbsp;<\/p>\n<p><iframe loading=\"lazy\" src=\"https:\/\/www.youtube.com\/embed\/iR0m0aAGcwU\" width=\"560\" height=\"315\" frameborder=\"0\" allowfullscreen=\"allowfullscreen\"><\/iframe><\/p>\n<p>&nbsp;<\/p>\n<p>Photos @<a href=\"https:\/\/maisondelapoesie-quimperle.fr\/\"> Festival Semaphore<\/a>, mars 2018. Mo\u00eblan-sur-Mer, l&rsquo;Ellipse.<\/p>\n<p>&nbsp;<\/p>\n<div id='gallery-1' class='gallery galleryid-809 gallery-columns-4 gallery-size-thumbnail'><figure class='gallery-item'>\n\t\t\t<div class='gallery-icon landscape'>\n\t\t\t\t<a href=\"https:\/\/i0.wp.com\/gauthierkeyaerts.com\/blog\/wp-content\/uploads\/2019\/12\/28699318_10156098397452649_4376668132021353612_o.jpg?ssl=1\"><img loading=\"lazy\" decoding=\"async\" width=\"150\" height=\"150\" src=\"https:\/\/i0.wp.com\/gauthierkeyaerts.com\/blog\/wp-content\/uploads\/2019\/12\/28699318_10156098397452649_4376668132021353612_o.jpg?resize=150%2C150&amp;ssl=1\" class=\"attachment-thumbnail size-thumbnail\" alt=\"Hommage \u00e0 Leo Ferr\u00e9\" aria-describedby=\"gallery-1-813\" srcset=\"https:\/\/i0.wp.com\/gauthierkeyaerts.com\/blog\/wp-content\/uploads\/2019\/12\/28699318_10156098397452649_4376668132021353612_o.jpg?resize=150%2C150&amp;ssl=1 150w, https:\/\/i0.wp.com\/gauthierkeyaerts.com\/blog\/wp-content\/uploads\/2019\/12\/28699318_10156098397452649_4376668132021353612_o.jpg?resize=60%2C60&amp;ssl=1 60w, https:\/\/i0.wp.com\/gauthierkeyaerts.com\/blog\/wp-content\/uploads\/2019\/12\/28699318_10156098397452649_4376668132021353612_o.jpg?zoom=2&amp;resize=150%2C150&amp;ssl=1 300w, https:\/\/i0.wp.com\/gauthierkeyaerts.com\/blog\/wp-content\/uploads\/2019\/12\/28699318_10156098397452649_4376668132021353612_o.jpg?zoom=3&amp;resize=150%2C150&amp;ssl=1 450w\" sizes=\"auto, (max-width: 150px) 100vw, 150px\" \/><\/a>\n\t\t\t<\/div>\n\t\t\t\t<figcaption class='wp-caption-text gallery-caption' id='gallery-1-813'>\n\t\t\t\tHommage \u00e0 Leo Ferr\u00e9\n\t\t\t\t<\/figcaption><\/figure><figure class='gallery-item'>\n\t\t\t<div class='gallery-icon landscape'>\n\t\t\t\t<a href=\"https:\/\/i0.wp.com\/gauthierkeyaerts.com\/blog\/wp-content\/uploads\/2019\/12\/28795221_10156098391937649_6381592078215649318_n.jpg?ssl=1\"><img loading=\"lazy\" decoding=\"async\" width=\"150\" height=\"150\" src=\"https:\/\/i0.wp.com\/gauthierkeyaerts.com\/blog\/wp-content\/uploads\/2019\/12\/28795221_10156098391937649_6381592078215649318_n.jpg?resize=150%2C150&amp;ssl=1\" class=\"attachment-thumbnail size-thumbnail\" alt=\"Hommage \u00e0 Leo Ferr\u00e9\" aria-describedby=\"gallery-1-815\" srcset=\"https:\/\/i0.wp.com\/gauthierkeyaerts.com\/blog\/wp-content\/uploads\/2019\/12\/28795221_10156098391937649_6381592078215649318_n.jpg?resize=150%2C150&amp;ssl=1 150w, https:\/\/i0.wp.com\/gauthierkeyaerts.com\/blog\/wp-content\/uploads\/2019\/12\/28795221_10156098391937649_6381592078215649318_n.jpg?resize=60%2C60&amp;ssl=1 60w, https:\/\/i0.wp.com\/gauthierkeyaerts.com\/blog\/wp-content\/uploads\/2019\/12\/28795221_10156098391937649_6381592078215649318_n.jpg?zoom=2&amp;resize=150%2C150&amp;ssl=1 300w, https:\/\/i0.wp.com\/gauthierkeyaerts.com\/blog\/wp-content\/uploads\/2019\/12\/28795221_10156098391937649_6381592078215649318_n.jpg?zoom=3&amp;resize=150%2C150&amp;ssl=1 450w\" sizes=\"auto, (max-width: 150px) 100vw, 150px\" \/><\/a>\n\t\t\t<\/div>\n\t\t\t\t<figcaption class='wp-caption-text gallery-caption' id='gallery-1-815'>\n\t\t\t\tHommage \u00e0 Leo Ferr\u00e9\n\t\t\t\t<\/figcaption><\/figure><figure class='gallery-item'>\n\t\t\t<div class='gallery-icon landscape'>\n\t\t\t\t<a href=\"https:\/\/i0.wp.com\/gauthierkeyaerts.com\/blog\/wp-content\/uploads\/2019\/12\/28516780_10156098398867649_1308590724936887155_o.jpg?ssl=1\"><img loading=\"lazy\" decoding=\"async\" width=\"150\" height=\"150\" src=\"https:\/\/i0.wp.com\/gauthierkeyaerts.com\/blog\/wp-content\/uploads\/2019\/12\/28516780_10156098398867649_1308590724936887155_o.jpg?resize=150%2C150&amp;ssl=1\" class=\"attachment-thumbnail size-thumbnail\" alt=\"Hommage \u00e0 Leo Ferr\u00e9\" aria-describedby=\"gallery-1-812\" srcset=\"https:\/\/i0.wp.com\/gauthierkeyaerts.com\/blog\/wp-content\/uploads\/2019\/12\/28516780_10156098398867649_1308590724936887155_o.jpg?resize=150%2C150&amp;ssl=1 150w, https:\/\/i0.wp.com\/gauthierkeyaerts.com\/blog\/wp-content\/uploads\/2019\/12\/28516780_10156098398867649_1308590724936887155_o.jpg?resize=60%2C60&amp;ssl=1 60w, https:\/\/i0.wp.com\/gauthierkeyaerts.com\/blog\/wp-content\/uploads\/2019\/12\/28516780_10156098398867649_1308590724936887155_o.jpg?zoom=2&amp;resize=150%2C150&amp;ssl=1 300w, https:\/\/i0.wp.com\/gauthierkeyaerts.com\/blog\/wp-content\/uploads\/2019\/12\/28516780_10156098398867649_1308590724936887155_o.jpg?zoom=3&amp;resize=150%2C150&amp;ssl=1 450w\" sizes=\"auto, (max-width: 150px) 100vw, 150px\" \/><\/a>\n\t\t\t<\/div>\n\t\t\t\t<figcaption class='wp-caption-text gallery-caption' id='gallery-1-812'>\n\t\t\t\tHommage \u00e0 Leo Ferr\u00e9\n\t\t\t\t<\/figcaption><\/figure><figure class='gallery-item'>\n\t\t\t<div class='gallery-icon landscape'>\n\t\t\t\t<a href=\"https:\/\/i0.wp.com\/gauthierkeyaerts.com\/blog\/wp-content\/uploads\/2019\/12\/28516692_10156098400097649_7351791632949440749_o.jpg?ssl=1\"><img loading=\"lazy\" decoding=\"async\" width=\"150\" height=\"150\" src=\"https:\/\/i0.wp.com\/gauthierkeyaerts.com\/blog\/wp-content\/uploads\/2019\/12\/28516692_10156098400097649_7351791632949440749_o.jpg?resize=150%2C150&amp;ssl=1\" class=\"attachment-thumbnail size-thumbnail\" alt=\"Hommage \u00e0 Leo Ferr\u00e9\" aria-describedby=\"gallery-1-811\" srcset=\"https:\/\/i0.wp.com\/gauthierkeyaerts.com\/blog\/wp-content\/uploads\/2019\/12\/28516692_10156098400097649_7351791632949440749_o.jpg?resize=150%2C150&amp;ssl=1 150w, https:\/\/i0.wp.com\/gauthierkeyaerts.com\/blog\/wp-content\/uploads\/2019\/12\/28516692_10156098400097649_7351791632949440749_o.jpg?resize=60%2C60&amp;ssl=1 60w, https:\/\/i0.wp.com\/gauthierkeyaerts.com\/blog\/wp-content\/uploads\/2019\/12\/28516692_10156098400097649_7351791632949440749_o.jpg?zoom=2&amp;resize=150%2C150&amp;ssl=1 300w, https:\/\/i0.wp.com\/gauthierkeyaerts.com\/blog\/wp-content\/uploads\/2019\/12\/28516692_10156098400097649_7351791632949440749_o.jpg?zoom=3&amp;resize=150%2C150&amp;ssl=1 450w\" sizes=\"auto, (max-width: 150px) 100vw, 150px\" \/><\/a>\n\t\t\t<\/div>\n\t\t\t\t<figcaption class='wp-caption-text gallery-caption' id='gallery-1-811'>\n\t\t\t\tHommage \u00e0 Leo Ferr\u00e9\n\t\t\t\t<\/figcaption><\/figure>\n\t\t<\/div>\n\n","protected":false},"excerpt":{"rendered":"<p>Le vent, je suis L\u00e9o Ferr\u00e9 (Paul Sanda, Xavier Dubois, Gauthier Keyaerts), performance improvis\u00e9e, bas\u00e9e sur l&rsquo;essai po\u00e9tique : Le vent, je suis L\u00e9o Ferr\u00e9 de Paul Sanda, publi\u00e9 aux \u00e9ditions Rafael de Surtis. Textes et lectures : Paul Sanda. Improvisations musicales : Xavier Dubois, Gauthier Keyaerts. Dur\u00e9e du spectacle : 20 minutes. &nbsp; &nbsp; [&hellip;]<\/p>\n","protected":false},"author":1,"featured_media":0,"parent":0,"menu_order":0,"comment_status":"closed","ping_status":"closed","template":"","meta":{"footnotes":""},"class_list":["post-809","page","type-page","status-publish","hentry"],"jetpack_sharing_enabled":true,"_links":{"self":[{"href":"https:\/\/gauthierkeyaerts.com\/blog\/wp-json\/wp\/v2\/pages\/809","targetHints":{"allow":["GET"]}}],"collection":[{"href":"https:\/\/gauthierkeyaerts.com\/blog\/wp-json\/wp\/v2\/pages"}],"about":[{"href":"https:\/\/gauthierkeyaerts.com\/blog\/wp-json\/wp\/v2\/types\/page"}],"author":[{"embeddable":true,"href":"https:\/\/gauthierkeyaerts.com\/blog\/wp-json\/wp\/v2\/users\/1"}],"replies":[{"embeddable":true,"href":"https:\/\/gauthierkeyaerts.com\/blog\/wp-json\/wp\/v2\/comments?post=809"}],"version-history":[{"count":0,"href":"https:\/\/gauthierkeyaerts.com\/blog\/wp-json\/wp\/v2\/pages\/809\/revisions"}],"wp:attachment":[{"href":"https:\/\/gauthierkeyaerts.com\/blog\/wp-json\/wp\/v2\/media?parent=809"}],"curies":[{"name":"wp","href":"https:\/\/api.w.org\/{rel}","templated":true}]}}