{"id":679,"date":"2019-11-30T01:11:04","date_gmt":"2019-11-30T00:11:04","guid":{"rendered":"https:\/\/gauthierkeyaerts.com\/blog\/?page_id=679"},"modified":"2020-01-04T12:40:54","modified_gmt":"2020-01-04T11:40:54","slug":"installations","status":"publish","type":"page","link":"https:\/\/gauthierkeyaerts.com\/blog\/installations\/","title":{"rendered":"Installations"},"content":{"rendered":"<p style=\"text-align: justify;\">J&rsquo;ai toujours \u00e9t\u00e9 passionn\u00e9 par la musique et le cin\u00e9ma, \u00e0 \u00ab\u00a0amour \u00e9gal\u00a0\u00bb. Si j&rsquo;ai privil\u00e9gi\u00e9 le son plut\u00f4t que l&rsquo;image pendant plusieurs ann\u00e9es, ce n&rsquo;est qu&rsquo;un hasard&#8230; je vous \u00e9pargne le pourquoi!<\/p>\n<p style=\"text-align: justify;\">Apr\u00e8s avoir explor\u00e9 la composition musicale de mani\u00e8re de plus en plus \u00ab\u00a0mati\u00e9riste\u00a0\u00bb au fil du temps, j&rsquo;ai retrouv\u00e9 go\u00fbt \u00e0 la photographie et \u00e0 la captation vid\u00e9o, \u00e0 force de collaborations avec des artistes plasticiens tels que <a href=\"https:\/\/jonasluyckx.com\/\">Jonas Luyckx<\/a>, <a href=\"http:\/\/www.thomasisrael.be\/\">Thomas Isra\u00ebl<\/a>, <a href=\"https:\/\/www.nataliademello.net\/\">Natalia de Mello<\/a>, Bob Kohn, etc. C&rsquo;est donc tout naturellement que j&rsquo;ai pris en main l&rsquo;appareil photo et la cam\u00e9ra, et ce depuis &#8211; circa &#8211; 2009.<\/p>\n<p style=\"text-align: justify;\">Ma premi\u00e8re \u0153uvre m\u00ealant \u00e0 parts \u00e9gales esth\u00e9tiques sonore et visuelle est <em>L&rsquo;oeil Sampler<\/em>, j&rsquo;ai encha\u00een\u00e9 avec <em>Par Huy dire<\/em>, <em>an-Art-KEY<\/em>, <em>Akousmata, L&rsquo;homme de l&rsquo;\u00e9cume.<\/em>.. ce dernier se trouve plac\u00e9 dans la cat\u00e9gorie (spectacle) interdisciplinaire. Je vais tenter de pr\u00e9senter dans cette section <em>Installations<\/em> les autres travaux. Et ce \u00e0 travers mes textes ou ceux r\u00e9dig\u00e9s par les structures qui ont pr\u00e9sent\u00e9 mon travail.\n<\/p>\n<p><img data-recalc-dims=\"1\" loading=\"lazy\" decoding=\"async\" class=\"alignnone wp-image-1068 size-full\" src=\"https:\/\/i0.wp.com\/gauthierkeyaerts.com\/blog\/wp-content\/uploads\/2019\/12\/Loeil-sampler-5-1-scaled.jpg?resize=648%2C486&#038;ssl=1\" alt=\"L'oeil sampler 5\" width=\"648\" height=\"486\" srcset=\"https:\/\/i0.wp.com\/gauthierkeyaerts.com\/blog\/wp-content\/uploads\/2019\/12\/Loeil-sampler-5-1-scaled.jpg?w=2560&amp;ssl=1 2560w, https:\/\/i0.wp.com\/gauthierkeyaerts.com\/blog\/wp-content\/uploads\/2019\/12\/Loeil-sampler-5-1-scaled.jpg?resize=300%2C225&amp;ssl=1 300w, https:\/\/i0.wp.com\/gauthierkeyaerts.com\/blog\/wp-content\/uploads\/2019\/12\/Loeil-sampler-5-1-scaled.jpg?resize=1024%2C768&amp;ssl=1 1024w, https:\/\/i0.wp.com\/gauthierkeyaerts.com\/blog\/wp-content\/uploads\/2019\/12\/Loeil-sampler-5-1-scaled.jpg?resize=768%2C576&amp;ssl=1 768w, https:\/\/i0.wp.com\/gauthierkeyaerts.com\/blog\/wp-content\/uploads\/2019\/12\/Loeil-sampler-5-1-scaled.jpg?resize=1536%2C1152&amp;ssl=1 1536w, https:\/\/i0.wp.com\/gauthierkeyaerts.com\/blog\/wp-content\/uploads\/2019\/12\/Loeil-sampler-5-1-scaled.jpg?resize=2048%2C1536&amp;ssl=1 2048w, https:\/\/i0.wp.com\/gauthierkeyaerts.com\/blog\/wp-content\/uploads\/2019\/12\/Loeil-sampler-5-1-scaled.jpg?w=1296&amp;ssl=1 1296w, https:\/\/i0.wp.com\/gauthierkeyaerts.com\/blog\/wp-content\/uploads\/2019\/12\/Loeil-sampler-5-1-scaled.jpg?w=1944&amp;ssl=1 1944w\" sizes=\"auto, (max-width: 648px) 100vw, 648px\" \/><\/p>\n","protected":false},"excerpt":{"rendered":"<p>J&rsquo;ai toujours \u00e9t\u00e9 passionn\u00e9 par la musique et le cin\u00e9ma, \u00e0 \u00ab\u00a0amour \u00e9gal\u00a0\u00bb. Si j&rsquo;ai privil\u00e9gi\u00e9 le son plut\u00f4t que l&rsquo;image pendant plusieurs ann\u00e9es, ce n&rsquo;est qu&rsquo;un hasard&#8230; je vous \u00e9pargne le pourquoi! Apr\u00e8s avoir explor\u00e9 la composition musicale de mani\u00e8re de plus en plus \u00ab\u00a0mati\u00e9riste\u00a0\u00bb au fil du temps, j&rsquo;ai retrouv\u00e9 go\u00fbt \u00e0 la [&hellip;]<\/p>\n","protected":false},"author":1,"featured_media":0,"parent":0,"menu_order":0,"comment_status":"closed","ping_status":"closed","template":"","meta":{"footnotes":""},"class_list":["post-679","page","type-page","status-publish","hentry"],"jetpack_sharing_enabled":true,"_links":{"self":[{"href":"https:\/\/gauthierkeyaerts.com\/blog\/wp-json\/wp\/v2\/pages\/679","targetHints":{"allow":["GET"]}}],"collection":[{"href":"https:\/\/gauthierkeyaerts.com\/blog\/wp-json\/wp\/v2\/pages"}],"about":[{"href":"https:\/\/gauthierkeyaerts.com\/blog\/wp-json\/wp\/v2\/types\/page"}],"author":[{"embeddable":true,"href":"https:\/\/gauthierkeyaerts.com\/blog\/wp-json\/wp\/v2\/users\/1"}],"replies":[{"embeddable":true,"href":"https:\/\/gauthierkeyaerts.com\/blog\/wp-json\/wp\/v2\/comments?post=679"}],"version-history":[{"count":0,"href":"https:\/\/gauthierkeyaerts.com\/blog\/wp-json\/wp\/v2\/pages\/679\/revisions"}],"wp:attachment":[{"href":"https:\/\/gauthierkeyaerts.com\/blog\/wp-json\/wp\/v2\/media?parent=679"}],"curies":[{"name":"wp","href":"https:\/\/api.w.org\/{rel}","templated":true}]}}