{"id":638,"date":"2019-11-30T00:39:12","date_gmt":"2019-11-29T23:39:12","guid":{"rendered":"https:\/\/gauthierkeyaerts.com\/blog\/?page_id=638"},"modified":"2020-01-05T12:41:53","modified_gmt":"2020-01-05T11:41:53","slug":"sauves-du-vent-a-propos-de-richard-brautigan","status":"publish","type":"page","link":"https:\/\/gauthierkeyaerts.com\/blog\/sauves-du-vent-a-propos-de-richard-brautigan\/","title":{"rendered":"Sauv\u00e9s du vent&#8230; \u00c0 propos de Richard Brautigan. 2018"},"content":{"rendered":"<p style=\"text-align: justify;\"><strong><em>Sauv\u00e9s du Vent<\/em><\/strong>. Un hommage \u00e0 l&rsquo;\u00e9crivain Richard Brautigan, m\u00ealant po\u00e9sie, sons environnementaux, musique\u2026 <strong><em>2018.<\/em><\/strong><\/p>\n<p>&nbsp;<\/p>\n<p><img data-recalc-dims=\"1\" loading=\"lazy\" decoding=\"async\" class=\"wp-image-626 size-full aligncenter\" src=\"https:\/\/i0.wp.com\/gauthierkeyaerts.com\/blog\/wp-content\/uploads\/2019\/11\/Braut.jpg?resize=553%2C277&#038;ssl=1\" alt=\"\" width=\"553\" height=\"277\" srcset=\"https:\/\/i0.wp.com\/gauthierkeyaerts.com\/blog\/wp-content\/uploads\/2019\/11\/Braut.jpg?w=553&amp;ssl=1 553w, https:\/\/i0.wp.com\/gauthierkeyaerts.com\/blog\/wp-content\/uploads\/2019\/11\/Braut.jpg?resize=300%2C150&amp;ssl=1 300w\" sizes=\"auto, (max-width: 553px) 100vw, 553px\" \/><\/p>\n<p>&nbsp;<\/p>\n<p style=\"text-align: justify;\">Fin octobre 1984, <strong>Richard Brautigan<\/strong> (<em>La p\u00eache \u00e0 la truite en Am\u00e9rique, Sucre de past\u00e8que, Un priv\u00e9 \u00e0 Babylone&#8230; <\/em>) pose le point final sur la page de son existence \u00e0 l&rsquo;encre Smith et Wesson. Pas vraiment surprenant pour un auteur qui n&rsquo;aura cess\u00e9 de d\u00e9tourner la fin de ses po\u00e8mes, de ses romans, de ses interviews, de ses amiti\u00e9s, et ultimement de sa vie&#8230;<\/p>\n<p style=\"text-align: justify;\"><em><strong>Sauv\u00e9s du vent<\/strong><\/em> n&rsquo;est pas un mus\u00e9e, ni un acte de d\u00e9c\u00e8s, encore moins un tombeau !<\/p>\n<p style=\"text-align: justify;\">Ce serait plut\u00f4t un documentaire po\u00e9tique (\u00e0 plusieurs voix) transatlantique anti nostalgique, libre et insurrectionnel, passant \u00e0 travers l&rsquo;univers d&rsquo;un auteur o\u00f9 chaque mot devient une d\u00e9claration d&rsquo;amiti\u00e9 et d&rsquo;amour lanc\u00e9e dans l&rsquo;espace de l&rsquo;Homme.<\/p>\n<p style=\"text-align: justify;\">\nC&rsquo;est un aussi voyage durant lequel s\u2019entrecroisent des cr\u00e9ations musicales et des textes po\u00e9tiques \u00e9crits par des \u00e9crivains de diverses origines, qui emportent l&rsquo;auditeur dans les univers concrets ou fantasmagoriques propres \u00e0 Brautigan. Ou comment \u00e9voquer un auteur au fil de rencontres, quand on fait le choix de ne pas citer d&rsquo;extraits de son \u0153uvre. Le r\u00e9sultat \u00e9voque plus qu\u2019il ne cite Brautigan, ses \u00e9crits, et ses univers allant de la prose \u00e0 la po\u00e9sie.<\/p>\n<p style=\"text-align: justify;\"><strong><em>Sauv\u00e9s du vent<\/em> <\/strong>s\u2019av\u00e8re une occasion de re-d\u00e9couvrir cet \u00e9crivain finalement mal connu, parfois m\u00eame mal aim\u00e9&#8230;<\/p>\n<p>&nbsp;<\/p>\n<p><iframe loading=\"lazy\" src=\"https:\/\/w.soundcloud.com\/player\/?url=https%3A\/\/api.soundcloud.com\/tracks\/720454471&amp;color=%23ff5500&amp;auto_play=false&amp;hide_related=false&amp;show_comments=true&amp;show_user=true&amp;show_reposts=false&amp;show_teaser=true\" width=\"100%\" height=\"166\" frameborder=\"no\" scrolling=\"no\" data-mce-fragment=\"1\"><\/iframe><\/p>\n<p style=\"text-align: justify;\"><strong>Cr\u00e9dits :<\/strong><br \/>\nR\u00e9alisation et montage : <strong>Gauthier Keyaerts<\/strong>.<\/p>\n<p style=\"text-align: justify;\">&#8211; Merci \u00e0 <strong>Eric Plamondon<\/strong> pour la lecture des extraits de son tr\u00e8s bel essai<em><strong> Mayonnaise<\/strong><\/em>.<br \/>\n&#8211; Merci \u00e0 <strong>Jean-Marc Desgent<\/strong>, \u00e0 <strong>Vincent Tholom\u00e9<\/strong> et \u00e0 <strong>Bertrand Laverdure<\/strong> pour leurs po\u00e8mes in\u00e9dits, et leurs lectures passionn\u00e9es.<br \/>\n&#8211; Merci \u00e0 <strong>Daniel Vander Gucht<\/strong> pour son essai sur l&rsquo;identit\u00e9, remix\u00e9, mis en voix et en performance par <strong>Margarida Guia<\/strong>.<br \/>\n&#8211; Musiques : <strong>Stephan Ink<\/strong> et <strong>Gauthier Keyaerts<\/strong>.<br \/>\n&#8211; Archives extraites d&rsquo;une interview de<strong> Richard Brautigan<\/strong> men\u00e9e par la <strong>Soci\u00e9t\u00e9 suisse de radiodiffusion et t\u00e9l\u00e9vision<\/strong>, merci pour leur accord d&rsquo;utilisation.<\/p>\n<p style=\"text-align: justify;\">Un merci tout particulier \u00e0 <strong>Jonas Luyckx<\/strong>, et \u00e0 toutes celles et ceux qui ont contribu\u00e9 \u00e0 la concr\u00e9tisation de ce projet.<\/p>\n<p style=\"text-align: justify;\"><strong><em>Sauv\u00e9s du Vent<\/em><\/strong> a \u00e9t\u00e9 soutenu par le <em>Fonds d&rsquo;Aide \u00e0 la Cr\u00e9ation Radiophonique de la F\u00e9d\u00e9ration Wallonie-Bruxelles<\/em>.<\/p>\n","protected":false},"excerpt":{"rendered":"<p>Sauv\u00e9s du Vent. Un hommage \u00e0 l&rsquo;\u00e9crivain Richard Brautigan, m\u00ealant po\u00e9sie, sons environnementaux, musique\u2026 2018. &nbsp; &nbsp; Fin octobre 1984, Richard Brautigan (La p\u00eache \u00e0 la truite en Am\u00e9rique, Sucre de past\u00e8que, Un priv\u00e9 \u00e0 Babylone&#8230; ) pose le point final sur la page de son existence \u00e0 l&rsquo;encre Smith et Wesson. Pas vraiment surprenant [&hellip;]<\/p>\n","protected":false},"author":1,"featured_media":0,"parent":0,"menu_order":0,"comment_status":"closed","ping_status":"closed","template":"","meta":{"footnotes":""},"class_list":["post-638","page","type-page","status-publish","hentry"],"jetpack_sharing_enabled":true,"_links":{"self":[{"href":"https:\/\/gauthierkeyaerts.com\/blog\/wp-json\/wp\/v2\/pages\/638","targetHints":{"allow":["GET"]}}],"collection":[{"href":"https:\/\/gauthierkeyaerts.com\/blog\/wp-json\/wp\/v2\/pages"}],"about":[{"href":"https:\/\/gauthierkeyaerts.com\/blog\/wp-json\/wp\/v2\/types\/page"}],"author":[{"embeddable":true,"href":"https:\/\/gauthierkeyaerts.com\/blog\/wp-json\/wp\/v2\/users\/1"}],"replies":[{"embeddable":true,"href":"https:\/\/gauthierkeyaerts.com\/blog\/wp-json\/wp\/v2\/comments?post=638"}],"version-history":[{"count":0,"href":"https:\/\/gauthierkeyaerts.com\/blog\/wp-json\/wp\/v2\/pages\/638\/revisions"}],"wp:attachment":[{"href":"https:\/\/gauthierkeyaerts.com\/blog\/wp-json\/wp\/v2\/media?parent=638"}],"curies":[{"name":"wp","href":"https:\/\/api.w.org\/{rel}","templated":true}]}}